*k**2. Let l be i(-6). What is g(l)?
-3
Let z(h) be the third derivative of -h**5/60 - h**4/4 + 29*h**3/6 - 17*h**2. Let k be z(-9). Suppose k*s = -s. Let y(r) = -r**2 + r + 6. What is y(s)?
6
Let h be ((-378)/(-35))/9*10/3. Let g(i) = 1 - h*i - 66*i**2 - 1 + 67*i**2 - 13. What is g(6)?
-1
Let x(d) = -2*d**3 - 14*d**2 - 14*d - 9. Let g be x(-6). Let p(j) be the third derivative of -j**6/120 + j**5/60 + j**4/12 + j**3/6 + 12*j**2. Give p(g).
-11
Let s = 128 + -126. Let o(z) = -3*z - s + 4 + 1 - 26*z**2 + 25*z**2. Determine o(3).
-15
Let y = -2097 + 2102. Let o = -11 - -15. Suppose o = -d - y. Let q(u) = -2*u - 13. What is q(d)?
5
Let o be 2 - -334 - -2 - 4/4. Let a = o + -344. Let b(u) = -u**2 - 10*u - 17. Determine b(a).
4
Let p(f) be the second derivative of -f**5/20 + f**4/12 - f**3/6 + f + 54. What is p(2)?
-6
Let g(h) = h**2 - 4*h - 1. Let y be g(3). Let a(b) be the second derivative of -b**5/20 - 7*b**4/12 - b**3/3 + 2*b**2 - 9590*b. Give a(y).
-36
Let x(v) = -8*v - 86. Let b be x(-10). Let w(s) be the third derivative of s**5/60 + s**4/4 + s**3/3 + 43*s**2. Determine w(b).
2
Let s(d) be the second derivative of d**5/20 + d**4/12 + d**2/2 - 2*d. Let t be (-102)/17 + (-4)/12*-12. Give s(t).
-3
Let l = 6 + 0. Let u(q) = 6*q**2 - 12*q + 20. Let g be u(12). Let x(j) = -741 + g + 2*j + j. Give x(l).
17
Let d(u) be the second derivative of u**3/6 - 6*u**2 - 2*u. Let t be -4 + (1*198 - 4). Let h = t - 185. Calculate d(h).
-7
Let q(n) = 89*n - 4. Let d be (4/18*-1)/((-14)/(-63)). Calculate q(d).
-93
Suppose 0 = 12*j - 26 - 10. Suppose 8 = q + o, 4*o = j*q + 26 - 78. Let b(v) = 35 - 10 - q - 16 + 4*v. What is b(3)?
9
Suppose -5719*o + 460 = -5773*o - 782. Let x(l) = -6*l**3 - 140*l**2 - 48*l - 47. Give x(o).
-1
Let q(b) = b**2 - 10*b + 5. Let w be ((-74)/(-259))/(1/7). Suppose 0 = w*f + 3*v - 5*v - 24, 2*v + 4 = 0. Determine q(f).
5
Let i(x) = -x**2 + 12. Let y be i(0). Let p(q) = 2*q**3 - 25*q**2 + 13*q - 8. Let z be p(y). Let f(v) = 2 + z*v - 3*v**2 + 3*v + 4*v**2 - 3. What is f(-7)?
-1
Let i be 129/(-45) + 3 - (-6)/(-315)*112. Let u(l) = -26*l - 44. Determine u(i).
8
Let z(g) = -4*g**2 + 1. Let s(r) = r**2 + 15*r - 501. Let n be s(16). Give z(n).
-99
Let n(r) = r**3 - 4*r**2 - 6*r - 4. Suppose -4*y + 10 = -d - 10, d = 0. Give n(y).
-9
Let i(h) = -7*h - 205. Let g = 8198 - 8228. Determine i(g).
5
Let k(t) = t**3 - 11*t**2 - 4*t - 1. Suppose 0 = 5*z + j - 59, -3*j + 23 = 117*z - 116*z. Give k(z).
-45
Let y(g) = g**3 + 5*g**2 + 6*g - 1. Let i be y(-3). Let t be (12/i)/(-3) - -1. Let w be 4/t + 28/(-10). Let c(o) = -o - 4. Give c(w).
-2
Let l(p) be the first derivative of -p**4/4 - 4*p**3/3 + 5*p**2/2 + 6*p - 4. Let r be l(-5). Let n(w) = 10*w - 7 - 12*w + r. Calculate n(5).
-11
Let j(s) = 203*s + 120 + 210*s - 113 - 414*s. Calculate j(0).
7
Let y(a) = 52*a**2 - 13*a - 11. Let l(p) = 3*p**2 - p - 1. Let i(f) = -17*l(f) + y(f). What is i(4)?
38
Let g = 185 - 97. Suppose -g - 80 = 7*k. Let j be ((-9)/(-4))/(9/k). Let v(w) = w + 1. Calculate v(j).
-5
Let i(h) = -10*h + 260. Let d(x) = x - 30. Let z(s) = -24*d(s) - 3*i(s). Calculate z(12).
12
Let z(o) = -49 + 111 - 38 - 2*o. Let t(u) = -u + 21. Let y(a) = 6*t(a) - 5*z(a). Determine y(-3).
-6
Let r(l) be the third derivative of l**5/120 - 149*l**3/3 - 61*l**2. Let q(j) be the first derivative of r(j). Give q(-5).
-5
Let y(o) = o**3 - 16*o**2 + 17*o - 29. Let t = 16057 - 16042. What is y(t)?
1
Suppose -1010 + 252 = 123*n + 718. Let k(a) = -3*a**2 - 37*a + 2. Give k(n).
14
Let k(w) be the first derivative of -3/2*w**2 + 162 - w. Give k(2).
-7
Suppose -4*h - 384 = -52*h. Let b(i) = -2*i**2 + 9*i - 18. Give b(h).
-74
Let y(u) = -7*u**3 - u**2 - u + 10. Suppose 17*g - 20*g = 18. Let m(q) = -q**3. Let a(l) = g*m(l) + y(l). Determine a(0).
10
Let h(c) = -c + 7. Let x(u) = 133*u + 5*u**2 + u**3 + 0 - 134*u - 1. Let k be x(-5). Suppose -5 = -k*j + 3*j. Give h(j).
2
Let y(r) = 2*r**3 + r**2 + 3*r + 1. Let p(w) = 0 + 1 - 9 - w. Suppose 0 = -39*i + 40*i + 6. Let b be p(i). Give y(b).
-17
Let v(a) be the first derivative of -a**3/3 + a**2/2 + 92*a + 1843. Calculate v(-9).
2
Let m be (-3)/(-2) + (-341)/(-22). Suppose -m*n = -11*n + 24. Let h(l) = -l**2 - 4*l + 2. Calculate h(n).
2
Suppose -2*x - 72 = -4*f, -44 = -2*f + 264*x - 265*x. Let r(b) = b**2 - 25*b + 4. Determine r(f).
-96
Suppose 0 = -12997*k + 12987*k. Let s(r) be the third derivative of -1/60*r**5 + k*r - 2*r**3 - 11/24*r**4 + 19*r**2 + 0. What is s(-9)?
6
Suppose 3*y + 15 = -3*c, 34 = -5*y - c - c. Suppose -41 = -6*t - 29. Let v(p) = -p**t + 0 - 9 + 4*p - 14*p + 2. What is v(y)?
9
Let x(b) = -b**3 - 4*b**2 + 4*b + 9. Let j be x(5). Let h = j + 190. Let p(s) = -s**3 - 7*s**2 - 8*s - 6. What is p(h)?
6
Let r = -22 + 25. Let z(q) = -81 - 2*q + 167 - 83 - q**r + 7*q**2. Determine z(4).
43
Let g = 2171 - 2167. Let q(z) = 12*z - 19. Determine q(g).
29
Suppose -3*l - 5*q - 16 = 0, 3*l + 3*q - 6*q = 0. Let r(n) = n**2 + 5*n + 12. Calculate r(l).
6
Let x be (-5)/(20/3)*-32. Suppose 0 = w - 0*w - 5, 0 = 5*t + 5*w + 85. Let h = x + t. Let j(u) = 4*u - 1. Determine j(h).
7
Let l(x) = -x**3 + 8*x**2 - x + 19. Let z be l(8). Suppose z = 4*p - 9. Let u(s) = -s**3 - 227 + 2*s + 2*s + 5*s - p*s**2 + 233. What is u(-6)?
-12
Let y(z) be the second derivative of z**5/20 - 13*z**4/12 - 5*z**3/2 + 8*z**2 - 899*z. What is y(14)?
2
Suppose -17 = -3*o - 2. Let w(v) = 13 - 3*v - 9 - 5*v + 3*v + 2*v. Calculate w(o).
-11
Suppose 0 = -5*j - 22*j + 54*j - 162. Let r(l) = l - 38. Determine r(j).
-32
Let s(o) be the third derivative of -o**6/40 + 3*o**5/10 + o**4/4 - 5*o**3/6 - 3319*o**2. Give s(6).
31
Let m(u) = -31*u - 107. Let l(t) = 31*t + 100. Let c(w) = 3*l(w) + 2*m(w). What is c(-5)?
-69
Let x(o) = 6*o**2 - 2*o + 1. Suppose 7*r - 201 + 159 = 0. Let c be ((-6)/(-18))/((10/r)/5). Give x(c).
5
Let v(j) = -j**3 + 36*j**2 + 40*j - 102. Let z be v(37). Let l(c) = -c**2 + 18*c - 100. What is l(z)?
-19
Suppose -5404*s + 5408*s + 44 = 0. Let d(i) = -i**2 - 13*i + 13. Calculate d(s).
35
Let i = 266 - 275. Let s(a) = -11*a - 9. Let x(v) = -3*v - 1. Let y(d) = s(d) - 3*x(d). What is y(i)?
12
Let r(h) be the third derivative of h**4/24 - 7*h**3/2 - 2323*h**2. Calculate r(-4).
-25
Let i be (64/6 - 8) + (-2)/(-6). Let b(j) be the second derivative of -j**3/3 - 7*j**2/2 - 3*j + 22. Give b(i).
-13
Let f = 2097 + -2090. Let y(j) = -3*j**2 - 13*j + 3. Let m(t) = -5*t**2 - 19*t + 5. Let l(q) = -5*m(q) + 8*y(q). Calculate l(f).
-15
Let h = 1 + -2. Let t be h + 2 + 4 + -11. Let c(k) = 13*k**2 + 25*k - 19. Let a(v) = 7*v**2 + 13*v - 10. Let q(x) = -11*a(x) + 6*c(x). Give q(t).
-10
Let o(d) = -d**2 - 6*d + 3. Let x(b) = b**3 + 2*b**2 - 4*b + 8. Let n be x(0). Suppose -n*z - 18 = -5*z. Calculate o(z).
3
Let c(s) = -3*s**2 + 3*s + 26. Let i = 4219 + -4215. Calculate c(i).
-10
Let y(d) be the third derivative of d**5/10 + 5*d**4/24 + 2*d**3/3 - 600*d**2 + 2*d. Determine y(-3).
43
Let m(c) = -2*c**2 - 4*c + 3. Let n be (-8)/6*(-30 - 2835/(-84)). Give m(n).
-27
Let b(a) = a**3 + a**2 + 4*a + 3. Let g be b(-2). Let p(q) = 24*q + 1. Let d(s) = -238*s - 4. Let j(n) = -d(n) - 10*p(n). Determine j(g).
12
Let h(v) = 2118*v - 2125. Let c be h(1). Let x(a) = -11*a + 6. What is x(c)?
83
Let x(i) = -i**2 - i + 6. Let w(p) = -13*p**2 - 31*p + 2. Let u(a) = -w(a) + 12*x(a). Determine u(-5).
0
Suppose 470 - 512 = -42*y. Let q(t) = 21*t**2 + 3*t - 2. Calculate q(y).
22
Let y(k) = 8 + 6 - 410*k + 8 + 405*k - 7. Calculate y(8).
-25
Let j(v) = -26*v + 87748*v**2 - 43876*v**2 - 43873*v**2 - 137. Determine j(-7).
-4
Let q be (676/78 - (8 - 0))/(2/(-72)). Let x(w) = 10*w + 67. Determine x(q).
-173
Let b(s) be the second derivative of s**5/12 - s**4/24 - 35*s**3/6 + 59*s. Let h(u) be the second derivative of b(u). Give h(-2).
-21
Suppose -2*w + 3*g = -2*g, 15 = w + 5*g. Suppose -300 = 15*i - 345. Let n(r) = -6*r**2 - 2 - 2603*r**3 + 0 + 3*r + 2604*r**i. Calculate n(w).
-12
Let m = 14 + -8. Let y be ((-36)/21)/(-6)*(14 - 0). Let f(z) = -y - 2*z**2 + 5*z + 3*z**2 - 2*z**2 + 10. Give f(m).
0
Let f(a) = 3*a - 50. Let r(m) = -11*m + 124. Let j(n) = -5*f(n) - 2*r(n). Let p be (-5)/(-10) - 7/(-2). Suppose 5*w = -4*o + 26, -o - o = -p*w. What is j(w)?
16
Let q be 4*-1 - -3 - 2. Let s(n) be the second derivative of -n**4/8 - n**3/2 